{"version":"1.0","type":"rich","provider_name":"Bj\u00f6rk.fr \u2013 Site francophone d\u00e9di\u00e9 \u00e0 Bj\u00f6rk&nbsp;: musique, clips et actualit\u00e9s","provider_url":"https:\/\/www.bjork.fr","title":"\u00c0 propos de la r\u00e9alit\u00e9 virtuelle (VR)","author_name":"sofftchevaliers","width":"480","height":"315","url":"http:\/\/bjork.fr\/A-propos-de-la-realite-virtuelle-VR","html":"\u003Ch4 class='title'\u003E\u003Ca href='http:\/\/bjork.fr\/A-propos-de-la-realite-virtuelle-VR'\u003E\u00c0 propos de la r\u00e9alit\u00e9 virtuelle (VR)\u003C\/a\u003E\u003C\/h4\u003E\u003Cblockquote class='spip'\u003E\n\u003Cp\u003EIt\u2019s very particular people that go to a digital exhibition to stand in a queue and see VR. And then I was like, \"Okay, this is very elitism. How many people own a headset&nbsp;? Let\u2019s bring it out of the headset and put it on a 19th-century stage.\"\u003C\/p\u003E\n\u003C\/blockquote\u003E\n"}

Björk.fr – Site francophone dédié à Björk&nbsp;: musique, clips et actualités

À propos de la réalité virtuelle (VR)

<h4 class='title'><a href='http://bjork.fr/A-propos-de-la-realite-virtuelle-VR'>À propos de la réalité virtuelle (VR)</a></h4><blockquote class='spip'>
<p>It’s very particular people that go to a digital exhibition to stand in a queue and see VR. And then I was like, "Okay, this is very elitism. How many people own a headset&nbsp;? Let’s bring it out of the headset and put it on a 19th-century stage."</p>
</blockquote>
