{"version":"1.0","type":"rich","provider_name":"Bj\u00f6rk.fr \u2013 Site francophone d\u00e9di\u00e9 \u00e0 Bj\u00f6rk&nbsp;: musique, clips et actualit\u00e9s","provider_url":"https:\/\/www.bjork.fr","title":"\u00c0 propos du genre, du f\u00e9minin et du masculin","author_name":"sofftchevaliers","width":"480","height":"315","url":"http:\/\/bjork.fr\/A-propos-du-genre-du-feminin-et-du-masculin","html":"\u003Ch4 class='title'\u003E\u003Ca href='http:\/\/bjork.fr\/A-propos-du-genre-du-feminin-et-du-masculin'\u003E\u00c0 propos du genre, du f\u00e9minin et du masculin\u003C\/a\u003E\u003C\/h4\u003E\u003Cblockquote class='spip'\u003E\n\u003Cp\u003EJe n\u2019ai pas de probl\u00e8me avec l\u2019id\u00e9e du genre, je crois que nous sommes tout \u00e0 la fois f\u00e9minin et masculin. Je me suis souvent sentie queer, et on dit que ma musique est queer. D\u00e8s les ann\u00e9es 1990, je mettais en sc\u00e8ne mes s\u00e9ances photo avec humour, pour \u00e9viter les clich\u00e9s de l\u2019image de la femme sexy. L\u2019Islande est un pays froid, donc nous n\u2019exprimons pas notre \u00e9nergie \u00e9rotique avec des porte-jarretelles au beau milieu des temp\u00eates de neige. Il nous faut trouver d\u2019autres moyens d\u2019exprimer&nbsp;(\u2026)\u003C\/p\u003E\n\u003C\/blockquote\u003E\n"}

Björk.fr – Site francophone dédié à Björk&nbsp;: musique, clips et actualités

À propos du genre, du féminin et du masculin

<h4 class='title'><a href='http://bjork.fr/A-propos-du-genre-du-feminin-et-du-masculin'>À propos du genre, du féminin et du masculin</a></h4><blockquote class='spip'>
<p>Je n’ai pas de problème avec l’idée du genre, je crois que nous sommes tout à la fois féminin et masculin. Je me suis souvent sentie queer, et on dit que ma musique est queer. Dès les années 1990, je mettais en scène mes séances photo avec humour, pour éviter les clichés de l’image de la femme sexy. L’Islande est un pays froid, donc nous n’exprimons pas notre énergie érotique avec des porte-jarretelles au beau milieu des tempêtes de neige. Il nous faut trouver d’autres moyens d’exprimer&nbsp;(…)</p>
</blockquote>
