{"version":"1.0","type":"rich","provider_name":"Bj\u00f6rk.fr \u2013 Site francophone d\u00e9di\u00e9 \u00e0 Bj\u00f6rk&nbsp;: musique, clips et actualit\u00e9s","provider_url":"https:\/\/www.bjork.fr","title":"Bj\u00f6rk \u00e0 propos des cordes de l&#8217;album","author_name":"sofftchevaliers","width":"480","height":"315","url":"http:\/\/bjork.fr\/Bjork-a-propos-des-cordes-de-l-album","html":"\u003Ch4 class='title'\u003E\u003Ca href='http:\/\/bjork.fr\/Bjork-a-propos-des-cordes-de-l-album'\u003EBj\u00f6rk \u00e0 propos des cordes de l&#8217;album\u003C\/a\u003E\u003C\/h4\u003E\u003Cblockquote class='spip'\u003E\n\u003Cp\u003EIt was kind of perfect timing \u2013 I mean, I\u2019d given strings a 12-year break,\u2019 she reflects. \u2018When I came back to them, I felt a lot more confident, and arranging and transcribing felt much more natural. It\u2019s the first time I\u2019ve really done all the arrangements myself&nbsp;: coming up with the melodies, but also distributing the parts and printing out the scores. Oh yeah, and &#8220;doing the Italian&#8221;&nbsp;!\u003C\/p\u003E\n\u003C\/blockquote\u003E\n"}

Björk.fr – Site francophone dédié à Björk&nbsp;: musique, clips et actualités

Björk à propos des cordes de l&#8217;album

<h4 class='title'><a href='http://bjork.fr/Bjork-a-propos-des-cordes-de-l-album'>Björk à propos des cordes de l&#8217;album</a></h4><blockquote class='spip'>
<p>It was kind of perfect timing – I mean, I’d given strings a 12-year break,’ she reflects. ‘When I came back to them, I felt a lot more confident, and arranging and transcribing felt much more natural. It’s the first time I’ve really done all the arrangements myself&nbsp;: coming up with the melodies, but also distributing the parts and printing out the scores. Oh yeah, and &#8220;doing the Italian&#8221;&nbsp;!</p>
</blockquote>
