{"version":"1.0","type":"rich","provider_name":"Bj\u00f6rk.fr \u2013 Site francophone d\u00e9di\u00e9 \u00e0 Bj\u00f6rk&nbsp;: musique, clips et actualit\u00e9s","provider_url":"https:\/\/www.bjork.fr","title":"Bj\u00f6rk \u00e0 propos du titre Black Lake","author_name":"sofftchevaliers","width":"480","height":"315","url":"http:\/\/bjork.fr\/Bjork-a-propos-du-titre-Black-Lake,6483","html":"\u003Ch4 class='title'\u003E\u003Ca href='http:\/\/bjork.fr\/Bjork-a-propos-du-titre-Black-Lake,6483'\u003EBj\u00f6rk \u00e0 propos du titre Black Lake\u003C\/a\u003E\u003C\/h4\u003E\u003Cblockquote class='spip'\u003E\n\u003Cp\u003EJ\u2019\u00e9tais vraiment g\u00ean\u00e9e par cette chanson. Je peux encore difficilement l\u2019\u00e9couter.\u003C\/p\u003E\n\u003C\/blockquote\u003E\n"}

Björk.fr – Site francophone dédié à Björk&nbsp;: musique, clips et actualités

Björk à propos du titre Black Lake

<h4 class='title'><a href='http://bjork.fr/Bjork-a-propos-du-titre-Black-Lake,6483'>Björk à propos du titre Black Lake</a></h4><blockquote class='spip'>
<p>J’étais vraiment gênée par cette chanson. Je peux encore difficilement l’écouter.</p>
</blockquote>
