{"version":"1.0","type":"rich","provider_name":"Bj\u00f6rk.fr \u2013 Site francophone d\u00e9di\u00e9 \u00e0 Bj\u00f6rk&nbsp;: musique, clips et actualit\u00e9s","provider_url":"https:\/\/www.bjork.fr","title":"Bj\u00f6rk \u00e0 propos du titre Declare Independence","author_name":"sofftchevaliers","width":"480","height":"315","url":"http:\/\/bjork.fr\/Bjork-a-propos-du-titre-Declare-Independence,6479","html":"\u003Ch4 class='title'\u003E\u003Ca href='http:\/\/bjork.fr\/Bjork-a-propos-du-titre-Declare-Independence,6479'\u003EBj\u00f6rk \u00e0 propos du titre Declare Independence\u003C\/a\u003E\u003C\/h4\u003E\u003Cblockquote class='spip'\u003E\n\u003Cp\u003EYours have always seemed to be the politics of the human spirit&mdash;that the world can be changed by not being afraid to be an individual. But Declare Independence seems to be railing with a bit more of a punk sense of defiance. Can you describe your emotional zeitgeist&nbsp;?\n\u003Cbr class='autobr' \/\u003E\nMaybe I felt that up to here things would be okay and the \u2019good\u2019 would win in the end if only it persists. But things are not looking so good right now. It is time to go up on a mountain with a flag and a trumpet and insist on&nbsp;(\u2026)\u003C\/p\u003E\n\u003C\/blockquote\u003E\n"}

Björk.fr – Site francophone dédié à Björk&nbsp;: musique, clips et actualités

Björk à propos du titre Declare Independence

<h4 class='title'><a href='http://bjork.fr/Bjork-a-propos-du-titre-Declare-Independence,6479'>Björk à propos du titre Declare Independence</a></h4><blockquote class='spip'>
<p>Yours have always seemed to be the politics of the human spirit&mdash;that the world can be changed by not being afraid to be an individual. But Declare Independence seems to be railing with a bit more of a punk sense of defiance. Can you describe your emotional zeitgeist&nbsp;?
<br class='autobr' />
Maybe I felt that up to here things would be okay and the ’good’ would win in the end if only it persists. But things are not looking so good right now. It is time to go up on a mountain with a flag and a trumpet and insist on&nbsp;(…)</p>
</blockquote>
