{"version":"1.0","type":"rich","provider_name":"Bj\u00f6rk.fr \u2013 Site francophone d\u00e9di\u00e9 \u00e0 Bj\u00f6rk&nbsp;: musique, clips et actualit\u00e9s","provider_url":"https:\/\/www.bjork.fr","title":"Bj\u00f6rk \u00e0 propos du titre de l\u2019album Utopia","author_name":"aifol","width":"480","height":"315","url":"http:\/\/bjork.fr\/Bjork-a-propos-du-titre-de-l-album-Utopia","html":"\u003Ch4 class='title'\u003E\u003Ca href='http:\/\/bjork.fr\/Bjork-a-propos-du-titre-de-l-album-Utopia'\u003EBj\u00f6rk \u00e0 propos du titre de l\u2019album Utopia\u003C\/a\u003E\u003C\/h4\u003E\u003Cblockquote class='spip'\u003E\n\u003Cp\u003E&#8220;I have had a thousand name suggestions, and I think it\u2019s going to be called Utopia. I can\u2019t think of anything better. Well if I change my mind five minutes before the LP cover goes into print &mdash; that might happen&#8221; \n\u003Cbr class='autobr' \/\u003E\n&#8220;I kind of like the fact that it\u2019s a cliche, that word, and I like the fact that it has a fascistic, weird, \u2018I want the world to be like this\u2019 feeling about it. It\u2019s a proposal of how we can live in the future with nature and technology in the most optimistic way possible. We&nbsp;(\u2026)\u003C\/p\u003E\n\u003C\/blockquote\u003E\n"}

Björk.fr – Site francophone dédié à Björk&nbsp;: musique, clips et actualités

Björk à propos du titre de l’album Utopia

<h4 class='title'><a href='http://bjork.fr/Bjork-a-propos-du-titre-de-l-album-Utopia'>Björk à propos du titre de l’album Utopia</a></h4><blockquote class='spip'>
<p>&#8220;I have had a thousand name suggestions, and I think it’s going to be called Utopia. I can’t think of anything better. Well if I change my mind five minutes before the LP cover goes into print &mdash; that might happen&#8221; 
<br class='autobr' />
&#8220;I kind of like the fact that it’s a cliche, that word, and I like the fact that it has a fascistic, weird, ‘I want the world to be like this’ feeling about it. It’s a proposal of how we can live in the future with nature and technology in the most optimistic way possible. We&nbsp;(…)</p>
</blockquote>
