{"version":"1.0","type":"rich","provider_name":"Bj\u00f6rk.fr \u2013 Site francophone d\u00e9di\u00e9 \u00e0 Bj\u00f6rk&nbsp;: musique, clips et actualit\u00e9s","provider_url":"https:\/\/www.bjork.fr","title":"Daniel Del Core","author_name":"pierro","width":"480","height":"315","url":"http:\/\/bjork.fr\/Daniel-Del-Core,7257","html":"\u003Ch4 class='title'\u003E\u003Ca href='http:\/\/bjork.fr\/Daniel-Del-Core,7257'\u003EDaniel Del Core\u003C\/a\u003E\u003C\/h4\u003E\u003Cblockquote class='spip'\u003E\n\u003Cp\u003ERobe et masque de la toute premi\u00e8re collection de Daniel Del Core Automne\/Hiver 2021 pr\u00e9sent\u00e9e \u00e0 la fashion week de Milan.\n\u003Cbr class='autobr' \/\u003E\nLes chaussures ont \u00e9t\u00e9 port\u00e9es par Bj\u00f6rk lors de la premi\u00e8re repr\u00e9sentation d\u2019Orkestral \u00e0 Miami. \n\u003Cbr class='autobr' \/\u003E\nBiographie de Daniel Del Core\u003C\/p\u003E\n\u003C\/blockquote\u003E\n"}

Björk.fr – Site francophone dédié à Björk&nbsp;: musique, clips et actualités

<h4 class='title'><a href='http://bjork.fr/Daniel-Del-Core,7257'>Daniel Del Core</a></h4><blockquote class='spip'>
<p>Robe et masque de la toute première collection de Daniel Del Core Automne/Hiver 2021 présentée à la fashion week de Milan.
<br class='autobr' />
Les chaussures ont été portées par Björk lors de la première représentation d’Orkestral à Miami. 
<br class='autobr' />
Biographie de Daniel Del Core</p>
</blockquote>
