{"version":"1.0","type":"rich","provider_name":"Bj\u00f6rk.fr \u2013 Site francophone d\u00e9di\u00e9 \u00e0 Bj\u00f6rk&nbsp;: musique, clips et actualit\u00e9s","provider_url":"https:\/\/www.bjork.fr","title":"Declare Independence","author_name":"","width":"480","height":"315","url":"http:\/\/bjork.fr\/Declare-Independence,3660","html":"\u003Ch4 class='title'\u003E\u003Ca href='http:\/\/bjork.fr\/Declare-Independence,3660'\u003EDeclare Independence\u003C\/a\u003E\u003C\/h4\u003E\u003Cblockquote class='spip'\u003E\n\u003Cp\u003EI have been asked by many for a statement after dedicating my song \u2019Declare Independence\u2019 to both Kosovo and Tibet on different occasions. I would like to put importance on that I am not a politician, I am first and last a musician and as such I feel my duty to try to express the whole range of human emotions. The urge for declaring independence is just one of them but an important one we all feel at some times in our lives. This song was written more with the personal in mind but the fact&nbsp;(\u2026)\u003C\/p\u003E\n\u003C\/blockquote\u003E\n"}

Björk.fr – Site francophone dédié à Björk&nbsp;: musique, clips et actualités
