{"version":"1.0","type":"rich","provider_name":"Bj\u00f6rk.fr \u2013 Site francophone d\u00e9di\u00e9 \u00e0 Bj\u00f6rk&nbsp;: musique, clips et actualit\u00e9s","provider_url":"https:\/\/www.bjork.fr","title":"Iceland","author_name":"","width":"480","height":"315","url":"http:\/\/bjork.fr\/Iceland,3725","html":"\u003Ch4 class='title'\u003E\u003Ca href='http:\/\/bjork.fr\/Iceland,3725'\u003EIceland\u003C\/a\u003E\u003C\/h4\u003E\u003Cblockquote class='spip'\u003E\n\u003Cp\u003EI had that experience a couple of weeks ago because I went to Iceland for the first time. I was in Reykjav\u00edk for that big music day. That was incredible&nbsp;! It was a shock to be in a country where everyone is an artist, you know&nbsp;? People were either singing or playing or writing a saga or making a film. [both laugh] It was like a dream come true. What is it like to live in a place where everybody is doing something like that&nbsp;? Was it claustrophobic at all, or was it inspiring&nbsp;? \n\u003Cbr class='autobr' \/\u003E\nFor me at&nbsp;(\u2026)\u003C\/p\u003E\n\u003C\/blockquote\u003E\n"}

Björk.fr – Site francophone dédié à Björk&nbsp;: musique, clips et actualités

<h4 class='title'><a href='http://bjork.fr/Iceland,3725'>Iceland</a></h4><blockquote class='spip'>
<p>I had that experience a couple of weeks ago because I went to Iceland for the first time. I was in Reykjavík for that big music day. That was incredible&nbsp;! It was a shock to be in a country where everyone is an artist, you know&nbsp;? People were either singing or playing or writing a saga or making a film. [both laugh] It was like a dream come true. What is it like to live in a place where everybody is doing something like that&nbsp;? Was it claustrophobic at all, or was it inspiring&nbsp;? 
<br class='autobr' />
For me at&nbsp;(…)</p>
</blockquote>
