{"version":"1.0","type":"rich","provider_name":"Bj\u00f6rk.fr \u2013 Site francophone d\u00e9di\u00e9 \u00e0 Bj\u00f6rk&nbsp;: musique, clips et actualit\u00e9s","provider_url":"https:\/\/www.bjork.fr","title":"Icelandic economy","author_name":"","width":"480","height":"315","url":"http:\/\/bjork.fr\/Icelandic-economy","html":"\u003Ch4 class='title'\u003E\u003Ca href='http:\/\/bjork.fr\/Icelandic-economy'\u003EIcelandic economy\u003C\/a\u003E\u003C\/h4\u003E\u003Cblockquote class='spip'\u003E\n\u003Cp\u003Easked whether it was time for Iceland to get under the EU umbrella she replied&nbsp;:   \n\u003Cbr class='autobr' \/\u003E\nRight now I would say it looks like it\u2019s the only way. \n\u003Cbr class='autobr' \/\u003E\nI have talked to hundreds of start-up companies seeking to help Iceland remould its economy, formally based around fishing, in the hope of stopping large-scale and non-environmentally friendly exploitation of its energy reserves, such as through the recent setting up of massive aluminium smelters \n\u003Cbr class='autobr' \/\u003E\nAll those I have spoken to say that at the top of the&nbsp;(\u2026)\u003C\/p\u003E\n\u003C\/blockquote\u003E\n"}

Björk.fr – Site francophone dédié à Björk&nbsp;: musique, clips et actualités
