{"version":"1.0","type":"rich","provider_name":"Bj\u00f6rk.fr \u2013 Site francophone d\u00e9di\u00e9 \u00e0 Bj\u00f6rk&nbsp;: musique, clips et actualit\u00e9s","provider_url":"https:\/\/www.bjork.fr","title":"\u00c0 propos des masques","author_name":"aifol","width":"480","height":"315","url":"http:\/\/bjork.fr\/James-Merry-a-propos-des-masques","html":"\u003Ch4 class='title'\u003E\u003Ca href='http:\/\/bjork.fr\/James-Merry-a-propos-des-masques'\u003E\u00c0 propos des masques\u003C\/a\u003E\u003C\/h4\u003E\u003Cblockquote class='spip'\u003E\n\u003Cp\u003EBj\u00f6rk and I are both naturally introverts, but we kind of like doing extroverted things, and a mask allows you to do that in a really beautiful way.\u003C\/p\u003E\n\u003C\/blockquote\u003E\n"}

Björk.fr – Site francophone dédié à Björk&nbsp;: musique, clips et actualités

À propos des masques

<h4 class='title'><a href='http://bjork.fr/James-Merry-a-propos-des-masques'>À propos des masques</a></h4><blockquote class='spip'>
<p>Björk and I are both naturally introverts, but we kind of like doing extroverted things, and a mask allows you to do that in a really beautiful way.</p>
</blockquote>
