{"version":"1.0","type":"rich","provider_name":"Bj\u00f6rk.fr \u2013 Site francophone d\u00e9di\u00e9 \u00e0 Bj\u00f6rk&nbsp;: musique, clips et actualit\u00e9s","provider_url":"https:\/\/www.bjork.fr","title":"KUKL","author_name":"","width":"480","height":"315","url":"http:\/\/bjork.fr\/KUKL,2849","html":"\u003Ch4 class='title'\u003E\u003Ca href='http:\/\/bjork.fr\/KUKL,2849'\u003EKUKL\u003C\/a\u003E\u003C\/h4\u003E\u003Cblockquote class='spip'\u003E\n\u003Cp\u003EWe didn\u2019t choose each other. We were picked. It happened when \u00c3 si in Grammi\u00c3&#176; and Gu\u00c3&#176;ni R\u00c3\u00banar had that musicbroadcast \u00c3 fangi on the radio and when they were quitting they decided to have the last show &#8220;live&#8220;. They wrote down 6 names and asked us to rehearse for the show. We did and it went so well that Kukl was formed.\u003C\/p\u003E\n\u003C\/blockquote\u003E\n"}

Björk.fr – Site francophone dédié à Björk&nbsp;: musique, clips et actualités

<h4 class='title'><a href='http://bjork.fr/KUKL,2849'>KUKL</a></h4><blockquote class='spip'>
<p>We didn’t choose each other. We were picked. It happened when Ã si in GrammiÃ&#176; and GuÃ&#176;ni RÃºnar had that musicbroadcast Ã fangi on the radio and when they were quitting they decided to have the last show &#8220;live&#8220;. They wrote down 6 names and asked us to rehearse for the show. We did and it went so well that Kukl was formed.</p>
</blockquote>
