{"version":"1.0","type":"rich","provider_name":"Bj\u00f6rk.fr \u2013 Site francophone d\u00e9di\u00e9 \u00e0 Bj\u00f6rk&nbsp;: musique, clips et actualit\u00e9s","provider_url":"https:\/\/www.bjork.fr","title":"Laura Levine","author_name":"","width":"480","height":"315","url":"http:\/\/bjork.fr\/Laura-Levine,3257","html":"\u003Ch4 class='title'\u003E\u003Ca href='http:\/\/bjork.fr\/Laura-Levine,3257'\u003ELaura Levine\u003C\/a\u003E\u003C\/h4\u003E\u003Cblockquote class='spip'\u003E\n\u003Cp\u003EBjork and I had a blast collaborating on these photo-illustrations, back when I was a photographer and slowly moving over to painting and illustration. These were done well before the days of Photoshop. \n\u003Cbr class='autobr' \/\u003E\nWith the help of some wonderful stylists and hair and make-up people, she and her Sugarcubes bandmate Siggi were transformed into some of my favorite fairy tale, nursery rhyme and fictional characters. I then posed them in front of a white backdrop, photographed them, made color xeroxes of&nbsp;(\u2026)\u003C\/p\u003E\n\u003C\/blockquote\u003E\n"}

Björk.fr – Site francophone dédié à Björk&nbsp;: musique, clips et actualités
