{"version":"1.0","type":"rich","provider_name":"Bj\u00f6rk.fr \u2013 Site francophone d\u00e9di\u00e9 \u00e0 Bj\u00f6rk&nbsp;: musique, clips et actualit\u00e9s","provider_url":"https:\/\/www.bjork.fr","title":"N\u00e1tt\u00fara Campaign","author_name":"","width":"480","height":"315","url":"http:\/\/bjork.fr\/Nattura-Campaign","html":"\u003Ch4 class='title'\u003E\u003Ca href='http:\/\/bjork.fr\/Nattura-Campaign'\u003EN\u00e1tt\u00fara Campaign\u003C\/a\u003E\u003C\/h4\u003E\u003Cblockquote class='spip'\u003E\n\u003Cp\u003EHow did you become involved with the N\u00e1tt\u00fara Campaign&nbsp;? What is the organization\u2019s mission&nbsp;?  \n\u003Cbr class='autobr' \/\u003E\nI kind of founded it. In a way, it\u2019s just me and four other people who share a Google group. [laughs] The other people include Andri [Snaer Magnason], who has written this book [Dreamland&nbsp;: A Self-Help Manual to a Frightened Nation] and Magga Vilhj\u00c3\u00a1lms, who has been my friend since I was 11. She\u2019s an actress, and she organized a concert called H\u00c3\u00a6tta&nbsp;!, which means \"stop,\" two years ago. \n\u003Cbr class='autobr' \/\u003E\nWhen I&nbsp;(\u2026)\u003C\/p\u003E\n\u003C\/blockquote\u003E\n"}

Björk.fr – Site francophone dédié à Björk&nbsp;: musique, clips et actualités

Náttúra Campaign

<h4 class='title'><a href='http://bjork.fr/Nattura-Campaign'>Náttúra Campaign</a></h4><blockquote class='spip'>
<p>How did you become involved with the Náttúra Campaign&nbsp;? What is the organization’s mission&nbsp;?  
<br class='autobr' />
I kind of founded it. In a way, it’s just me and four other people who share a Google group. [laughs] The other people include Andri [Snaer Magnason], who has written this book [Dreamland&nbsp;: A Self-Help Manual to a Frightened Nation] and Magga VilhjÃ¡lms, who has been my friend since I was 11. She’s an actress, and she organized a concert called HÃ¦tta&nbsp;!, which means "stop," two years ago. 
<br class='autobr' />
When I&nbsp;(…)</p>
</blockquote>
