{"version":"1.0","type":"rich","provider_name":"Bj\u00f6rk.fr \u2013 Site francophone d\u00e9di\u00e9 \u00e0 Bj\u00f6rk&nbsp;: musique, clips et actualit\u00e9s","provider_url":"https:\/\/www.bjork.fr","title":"Phil Nicholls","author_name":"","width":"480","height":"315","url":"http:\/\/bjork.fr\/Phil-Nicholls-1993-Rennes","html":"\u003Ch4 class='title'\u003E\u003Ca href='http:\/\/bjork.fr\/Phil-Nicholls-1993-Rennes'\u003EPhil Nicholls\u003C\/a\u003E\u003C\/h4\u003E\u003Cblockquote class='spip'\u003E\n\u003Cp\u003ELa s\u00e9ance photo s\u2019est d\u00e9roul\u00e9e le jour du concert de Bj\u00f6rk aux Transmusicales de Rennes en 1993.  \n\u003Cbr class='autobr' \/\u003E\nI took the option of travelling by road to Rennes Festival in France rather than flying. It seemed like fun at the time but terrible traffic due to some kind of strike-action in the country meant I turned up hours late for my shoot with Bjork. She\u2019d begun television interviews by the time I arrived but thankfully agreed to a shoot the following morning.\"\n\u003Cbr class='autobr' \/\u003E\n-- \n\u003Cbr class='autobr' \/\u003E\nA backdrop taped to the wall in&nbsp;(\u2026)\u003C\/p\u003E\n\u003C\/blockquote\u003E\n"}

Björk.fr – Site francophone dédié à Björk&nbsp;: musique, clips et actualités

<h4 class='title'><a href='http://bjork.fr/Phil-Nicholls-1993-Rennes'>Phil Nicholls</a></h4><blockquote class='spip'>
<p>La séance photo s’est déroulée le jour du concert de Björk aux Transmusicales de Rennes en 1993.  
<br class='autobr' />
I took the option of travelling by road to Rennes Festival in France rather than flying. It seemed like fun at the time but terrible traffic due to some kind of strike-action in the country meant I turned up hours late for my shoot with Bjork. She’d begun television interviews by the time I arrived but thankfully agreed to a shoot the following morning."
<br class='autobr' />
-- 
<br class='autobr' />
A backdrop taped to the wall in&nbsp;(…)</p>
</blockquote>
