{"version":"1.0","type":"rich","provider_name":"Bj\u00f6rk.fr \u2013 Site francophone d\u00e9di\u00e9 \u00e0 Bj\u00f6rk&nbsp;: musique, clips et actualit\u00e9s","provider_url":"https:\/\/www.bjork.fr","title":"September 11th","author_name":"","width":"480","height":"315","url":"http:\/\/bjork.fr\/September-11th,3099","html":"\u003Ch4 class='title'\u003E\u003Ca href='http:\/\/bjork.fr\/September-11th,3099'\u003ESeptember 11th\u003C\/a\u003E\u003C\/h4\u003E\u003Cblockquote class='spip'\u003E\n\u003Cp\u003EI was as deeply affected as everyone else in the city, but I was then equally shocked by the American reaction which felt like Nazi Germany or something.\u003C\/p\u003E\n\u003C\/blockquote\u003E\n"}

Björk.fr – Site francophone dédié à Björk&nbsp;: musique, clips et actualités
