{"version":"1.0","type":"rich","provider_name":"Bj\u00f6rk.fr \u2013 Site francophone d\u00e9di\u00e9 \u00e0 Bj\u00f6rk&nbsp;: musique, clips et actualit\u00e9s","provider_url":"https:\/\/www.bjork.fr","title":"Story Of The Eye","author_name":"","width":"480","height":"315","url":"http:\/\/bjork.fr\/Story-Of-The-Eye,2567","html":"\u003Ch4 class='title'\u003E\u003Ca href='http:\/\/bjork.fr\/Story-Of-The-Eye,2567'\u003EStory Of The Eye\u003C\/a\u003E\u003C\/h4\u003E\u003Cblockquote class='spip'\u003E\n\u003Cp\u003ENo I think... about 4 years ago I went to a radio station and was very shy... and they wanted to do an interview with me but I got stuck inside myself, so I brought out a book and read the beginning of it... and they put it out on a CD without my permission.... but I thought it was quite sweet  ...and since, I\u2019ve heard a lot of rumors about it, you know... but it\u2019s like four or five years ago... yeah, I think they just put it out on a CD.... but it was just the beginning, it was like the&nbsp;(\u2026)\u003C\/p\u003E\n\u003C\/blockquote\u003E\n"}

Björk.fr – Site francophone dédié à Björk&nbsp;: musique, clips et actualités
