{"version":"1.0","type":"rich","provider_name":"Bj\u00f6rk.fr \u2013 Site francophone d\u00e9di\u00e9 \u00e0 Bj\u00f6rk&nbsp;: musique, clips et actualit\u00e9s","provider_url":"https:\/\/www.bjork.fr","title":"Zeena Parkins \u00e0 propos de Dancer in the Dark","author_name":"aifol","width":"480","height":"315","url":"http:\/\/bjork.fr\/Zeena-Parkins,6264","html":"\u003Ch4 class='title'\u003E\u003Ca href='http:\/\/bjork.fr\/Zeena-Parkins,6264'\u003EZeena Parkins \u00e0 propos de Dancer in the Dark\u003C\/a\u003E\u003C\/h4\u003E\u003Cblockquote class='spip'\u003E\n\u003Cp\u003EElle jure qu\u2019elle n\u2019est pas faite pour \u00eatre actrice, mais elle a parfaitement su se cr\u00e9er un personnage. C\u2019est une femme qui sait utiliser les cam\u00e9ras.\u003C\/p\u003E\n\u003C\/blockquote\u003E\n"}

Björk.fr – Site francophone dédié à Björk&nbsp;: musique, clips et actualités

Zeena Parkins à propos de Dancer in the Dark

<h4 class='title'><a href='http://bjork.fr/Zeena-Parkins,6264'>Zeena Parkins à propos de Dancer in the Dark</a></h4><blockquote class='spip'>
<p>Elle jure qu’elle n’est pas faite pour être actrice, mais elle a parfaitement su se créer un personnage. C’est une femme qui sait utiliser les caméras.</p>
</blockquote>
