{"version":"1.0","type":"rich","provider_name":"Bj\u00f6rk.fr \u2013 Site francophone d\u00e9di\u00e9 \u00e0 Bj\u00f6rk&nbsp;: musique, clips et actualit\u00e9s","provider_url":"https:\/\/www.bjork.fr","title":"Zomer et Amaury Darras","author_name":"pierro","width":"480","height":"315","url":"http:\/\/bjork.fr\/Zomer-et-Amaury-Darras","html":"\u003Ch4 class='title'\u003E\u003Ca href='http:\/\/bjork.fr\/Zomer-et-Amaury-Darras'\u003EZomer et Amaury Darras\u003C\/a\u003E\u003C\/h4\u003E\u003Cblockquote class='spip'\u003E\n\u003Cp\u003EAmaury Darras Jeune \u00e9b\u00e9niste et artiste plasticien fran\u00e7ais, il r\u00e9alise des costumes en bois. Il expose sa premi\u00e8re collection au Printemps 2023 \u00e0 Paris et Marseille. \n\u003Cbr class='autobr' \/\u003E\n\u00e0 propos de Zomer Zomer est une marque de v\u00eatements fond\u00e9e en 2023 par le cr\u00e9ateur N\u00e9erlandais\/russe Danial Aitouganov et le styliste et consultant N\u00e9erlandais\/carib\u00e9en Imruh Asha. Daniel \u00e9tudie d\u2019abord le graphisme \u00e0 Rotterdam puis la mode \u00e0 l\u2019Amsterdam Fashion Institute d\u2019o\u00f9 il sort dipl\u00f4m\u00e9 en 2016. Pour sa collection de&nbsp;(\u2026)\u003C\/p\u003E\n\u003C\/blockquote\u003E\n"}

Björk.fr – Site francophone dédié à Björk&nbsp;: musique, clips et actualités

<h4 class='title'><a href='http://bjork.fr/Zomer-et-Amaury-Darras'>Zomer et Amaury Darras</a></h4><blockquote class='spip'>
<p>Amaury Darras Jeune ébéniste et artiste plasticien français, il réalise des costumes en bois. Il expose sa première collection au Printemps 2023 à Paris et Marseille. 
<br class='autobr' />
à propos de Zomer Zomer est une marque de vêtements fondée en 2023 par le créateur Néerlandais/russe Danial Aitouganov et le styliste et consultant Néerlandais/caribéen Imruh Asha. Daniel étudie d’abord le graphisme à Rotterdam puis la mode à l’Amsterdam Fashion Institute d’où il sort diplômé en 2016. Pour sa collection de&nbsp;(…)</p>
</blockquote>
