{"version":"1.0","type":"rich","provider_name":"Bj\u00f6rk.fr \u2013 Site francophone d\u00e9di\u00e9 \u00e0 Bj\u00f6rk&nbsp;: musique, clips et actualit\u00e9s","provider_url":"https:\/\/www.bjork.fr","title":"age","author_name":"","width":"480","height":"315","url":"http:\/\/bjork.fr\/age","html":"\u003Ch4 class='title'\u003E\u003Ca href='http:\/\/bjork.fr\/age'\u003Eage\u003C\/a\u003E\u003C\/h4\u003E\u003Cblockquote class='spip'\u003E\n\u003Cp\u003EI\u2019ve always felt I was either five or 90. So between 25 and 45 is just not me. I remember watching my mum and thinking that this period is just haywire time. It\u2019s just a lot of hysteria about nothing, running around worrying about the rest of your life.\u003C\/p\u003E\n\u003C\/blockquote\u003E\n"}

Björk.fr – Site francophone dédié à Björk&nbsp;: musique, clips et actualités
