{"version":"1.0","type":"rich","provider_name":"Bj\u00f6rk.fr \u2013 Site francophone d\u00e9di\u00e9 \u00e0 Bj\u00f6rk&nbsp;: musique, clips et actualit\u00e9s","provider_url":"https:\/\/www.bjork.fr","title":"being an exhibitionist","author_name":"","width":"480","height":"315","url":"http:\/\/bjork.fr\/being-an-exhibitionist","html":"\u003Ch4 class='title'\u003E\u003Ca href='http:\/\/bjork.fr\/being-an-exhibitionist'\u003Ebeing an exhibitionist\u003C\/a\u003E\u003C\/h4\u003E\u003Cblockquote class='spip'\u003E\n\u003Cp\u003EJuergen Teller&nbsp;: That is pretty incredible. So I was wondering, would you say that you are an exhibitionist&nbsp;? \n\u003Cbr class='autobr' \/\u003E\nBj\u00f6rk&nbsp;: In my most natural state, I\u2019ll be introverted for say, six days in a row, and then on the seventh day I\u2019ll become very extroverted, completely inside-out. Then I\u2019ll have to go back inside myself. Sometimes the change can be quite forceful-it\u2019s something I can\u2019t really control. It\u2019s a bit like the ocean and the tides. \n\u003Cbr class='autobr' \/\u003E\nJuergen Teller&nbsp;: Yeah, I know what you mean. Do you&nbsp;(\u2026)\u003C\/p\u003E\n\u003C\/blockquote\u003E\n"}

Björk.fr – Site francophone dédié à Björk&nbsp;: musique, clips et actualités

<h4 class='title'><a href='http://bjork.fr/being-an-exhibitionist'>being an exhibitionist</a></h4><blockquote class='spip'>
<p>Juergen Teller&nbsp;: That is pretty incredible. So I was wondering, would you say that you are an exhibitionist&nbsp;? 
<br class='autobr' />
Björk&nbsp;: In my most natural state, I’ll be introverted for say, six days in a row, and then on the seventh day I’ll become very extroverted, completely inside-out. Then I’ll have to go back inside myself. Sometimes the change can be quite forceful-it’s something I can’t really control. It’s a bit like the ocean and the tides. 
<br class='autobr' />
Juergen Teller&nbsp;: Yeah, I know what you mean. Do you&nbsp;(…)</p>
</blockquote>
