{"version":"1.0","type":"rich","provider_name":"Bj\u00f6rk.fr \u2013 Site francophone d\u00e9di\u00e9 \u00e0 Bj\u00f6rk&nbsp;: musique, clips et actualit\u00e9s","provider_url":"https:\/\/www.bjork.fr","title":"being called mad","author_name":"","width":"480","height":"315","url":"http:\/\/bjork.fr\/being-called-mad","html":"\u003Ch4 class='title'\u003E\u003Ca href='http:\/\/bjork.fr\/being-called-mad'\u003Ebeing called mad\u003C\/a\u003E\u003C\/h4\u003E\u003Cblockquote class='spip'\u003E\n\u003Cp\u003EDo you hate it when people think you\u2019re a bit mad&nbsp;? \n\u003Cbr class='autobr' \/\u003E\nYeah, very much so. I just think it\u2019s a misunderstanding. \n\u003Cbr class='autobr' \/\u003E\nWhat\u2019s the misunderstanding&nbsp;?  \n\u003Cbr class='autobr' \/\u003E\nWell, it\u2019s obvious. Just look. You just have to be an airplane and watch the city from above. Just watch. And this place is alive, and if you\u2019re not going to be alive, and refuse all those things in, you\u2019re fucked.\u003C\/p\u003E\n\u003C\/blockquote\u003E\n"}

Björk.fr – Site francophone dédié à Björk&nbsp;: musique, clips et actualités
