{"version":"1.0","type":"rich","provider_name":"Bj\u00f6rk.fr \u2013 Site francophone d\u00e9di\u00e9 \u00e0 Bj\u00f6rk&nbsp;: musique, clips et actualit\u00e9s","provider_url":"https:\/\/www.bjork.fr","title":"being organized","author_name":"","width":"480","height":"315","url":"http:\/\/bjork.fr\/being-organized","html":"\u003Ch4 class='title'\u003E\u003Ca href='http:\/\/bjork.fr\/being-organized'\u003Ebeing organized\u003C\/a\u003E\u003C\/h4\u003E\u003Cblockquote class='spip'\u003E\n\u003Cp\u003EI guess I\u2019m really organized. But naturally so. A lot of people don\u2019t know that about me, because it\u2019s very hidden&nbsp;; I guess that comes from being brought up with a lot of hippies, when being organized was almost a fault. So I would hide that very carefully, and sneak off with my rucksack, and get out of town and concentrate on school. But it would be really hidden. Yeah. \n\u003Cbr class='autobr' \/\u003E\nSo I think my flat is sort of messy, but I know where everything is, if that makes sense to you.\u003C\/p\u003E\n\u003C\/blockquote\u003E\n"}

Björk.fr – Site francophone dédié à Björk&nbsp;: musique, clips et actualités
