{"version":"1.0","type":"rich","provider_name":"Bj\u00f6rk.fr \u2013 Site francophone d\u00e9di\u00e9 \u00e0 Bj\u00f6rk&nbsp;: musique, clips et actualit\u00e9s","provider_url":"https:\/\/www.bjork.fr","title":"cabin fever","author_name":"","width":"480","height":"315","url":"http:\/\/bjork.fr\/cabin-fever","html":"\u003Ch4 class='title'\u003E\u003Ca href='http:\/\/bjork.fr\/cabin-fever'\u003Ecabin fever\u003C\/a\u003E\u003C\/h4\u003E\u003Cblockquote class='spip'\u003E\n\u003Cp\u003EI had a baby, and I was breast-feeding and organizing my work around that. Even though I had a lot of collaborators, they would come for one afternoon for a cup of tea and leave. They would be visiting my universe, my world. When I started doing this album, I had a bit of a cabin fever of being too much in the protection of my own world, so it was time to be brave and get out.\u003C\/p\u003E\n\u003C\/blockquote\u003E\n"}

Björk.fr – Site francophone dédié à Björk&nbsp;: musique, clips et actualités
