{"version":"1.0","type":"rich","provider_name":"Bj\u00f6rk.fr \u2013 Site francophone d\u00e9di\u00e9 \u00e0 Bj\u00f6rk&nbsp;: musique, clips et actualit\u00e9s","provider_url":"https:\/\/www.bjork.fr","title":"fame","author_name":"","width":"480","height":"315","url":"http:\/\/bjork.fr\/fame","html":"\u003Ch4 class='title'\u003E\u003Ca href='http:\/\/bjork.fr\/fame'\u003Efame\u003C\/a\u003E\u003C\/h4\u003E\u003Cblockquote class='spip'\u003E\n\u003Cp\u003EFame has never really been my thing. I have always been a bit bothered by it. In Iceland when I was 11, I did a record and people started recognising me in the street and kids in school started talking about me, in a nice way, but I just couldn\u2019t deal with the attention. It was a platinum seller in Iceland and they wanted me to do another one and I said \u2019no\u2019. \n\u003Cbr class='autobr' \/\u003E\nHalf of me is completely fine and very very happy about it, flabbergasted, you know&nbsp;? But the other half of me is&nbsp;: \u2019Alright, is it&nbsp;(\u2026)\u003C\/p\u003E\n\u003C\/blockquote\u003E\n"}

Björk.fr – Site francophone dédié à Björk&nbsp;: musique, clips et actualités
