{"version":"1.0","type":"rich","provider_name":"Bj\u00f6rk.fr \u2013 Site francophone d\u00e9di\u00e9 \u00e0 Bj\u00f6rk&nbsp;: musique, clips et actualit\u00e9s","provider_url":"https:\/\/www.bjork.fr","title":"fame","author_name":"","width":"480","height":"315","url":"http:\/\/bjork.fr\/fame,2338","html":"\u003Ch4 class='title'\u003E\u003Ca href='http:\/\/bjork.fr\/fame,2338'\u003Efame\u003C\/a\u003E\u003C\/h4\u003E\u003Cblockquote class='spip'\u003E\n\u003Cp\u003EI don\u2019t analyse it much. Then I start worrying about it and I\u2019ll go mad and they\u2019ll have to lock me in an asylum. It\u2019s a lot to do with the fact that I\u2019m a singer and the fact that I\u2019m a girl. I never set out to be famous. I look at the mission I\u2019m on in the sort of range of Aphex Twin or Black Dog rather than the other front-cover people.\u003C\/p\u003E\n\u003C\/blockquote\u003E\n"}

Björk.fr – Site francophone dédié à Björk&nbsp;: musique, clips et actualités
