{"version":"1.0","type":"rich","provider_name":"Bj\u00f6rk.fr \u2013 Site francophone d\u00e9di\u00e9 \u00e0 Bj\u00f6rk&nbsp;: musique, clips et actualit\u00e9s","provider_url":"https:\/\/www.bjork.fr","title":"fame","author_name":"","width":"480","height":"315","url":"http:\/\/bjork.fr\/fame,2955","html":"\u003Ch4 class='title'\u003E\u003Ca href='http:\/\/bjork.fr\/fame,2955'\u003Efame\u003C\/a\u003E\u003C\/h4\u003E\u003Cblockquote class='spip'\u003E\n\u003Cp\u003EThere came a moment when I thought, this is not good for me, and it\u2019s \n\u003Cbr class='autobr' \/\u003E\nnot good for my son. I think the culture of fame is very \n\u003Cbr class='autobr' \/\u003E\nfrightening, ultimately, because it seems to suggest to some people that \n\u003Cbr class='autobr' \/\u003E\nthey have every right to invade your life. Just because you make art, \n\u003Cbr class='autobr' \/\u003E\nthat does not mean that you are public property. I began to find being \n\u003Cbr class='autobr' \/\u003E\nfamous very, very strange.\u003C\/p\u003E\n\u003C\/blockquote\u003E\n"}

Björk.fr – Site francophone dédié à Björk&nbsp;: musique, clips et actualités
