{"version":"1.0","type":"rich","provider_name":"Bj\u00f6rk.fr \u2013 Site francophone d\u00e9di\u00e9 \u00e0 Bj\u00f6rk&nbsp;: musique, clips et actualit\u00e9s","provider_url":"https:\/\/www.bjork.fr","title":"feminism in the record","author_name":"","width":"480","height":"315","url":"http:\/\/bjork.fr\/feminism-in-the-record","html":"\u003Ch4 class='title'\u003E\u003Ca href='http:\/\/bjork.fr\/feminism-in-the-record'\u003Efeminism in the record\u003C\/a\u003E\u003C\/h4\u003E\u003Cblockquote class='spip'\u003E\n\u003Cp\u003EWhen I started to make Volta, I wanted to make a record that was about people finding the roots of everything in the world. For me, that meant going down into the roots as a female, and taking the stand in 2008. It\u2019s funny, but it was the first time for me to take the idea of being a woman on. Not like it was when I started becoming a woman when I was 13, 14, but about me taking the pulse the second time around. \n\u003Cbr class='autobr' \/\u003E\nWhen I was a teenager, I tried not to be put in the girl\/boy box. I just tried&nbsp;(\u2026)\u003C\/p\u003E\n\u003C\/blockquote\u003E\n"}

Björk.fr – Site francophone dédié à Björk&nbsp;: musique, clips et actualités
