{"version":"1.0","type":"rich","provider_name":"Bj\u00f6rk.fr \u2013 Site francophone d\u00e9di\u00e9 \u00e0 Bj\u00f6rk&nbsp;: musique, clips et actualit\u00e9s","provider_url":"https:\/\/www.bjork.fr","title":"giving Isadora icelandic roots","author_name":"","width":"480","height":"315","url":"http:\/\/bjork.fr\/giving-Isadora-icelandic-roots","html":"\u003Ch4 class='title'\u003E\u003Ca href='http:\/\/bjork.fr\/giving-Isadora-icelandic-roots'\u003Egiving Isadora icelandic roots\u003C\/a\u003E\u003C\/h4\u003E\u003Cblockquote class='spip'\u003E\n\u003Cp\u003EIive just spent two weeks in Iceland and I got all these Icelandic books and videos for her. Itis important for me and for her. I remember when I was six years old, playing outside with all the other kids until 11pm in summer, when it\u2019s bright for 24 hours a day. In a city, your parents hold your hand until you\u2019re 14. It\u2019s a very different feeling. It\u2019s not just about Iceland. It\u2019s about being part of nature.\u003C\/p\u003E\n\u003C\/blockquote\u003E\n"}

Björk.fr – Site francophone dédié à Björk&nbsp;: musique, clips et actualités
