{"version":"1.0","type":"rich","provider_name":"Bj\u00f6rk.fr \u2013 Site francophone d\u00e9di\u00e9 \u00e0 Bj\u00f6rk&nbsp;: musique, clips et actualit\u00e9s","provider_url":"https:\/\/www.bjork.fr","title":"her Icelandic roots","author_name":"","width":"480","height":"315","url":"http:\/\/bjork.fr\/her-Icelandic-roots","html":"\u003Ch4 class='title'\u003E\u003Ca href='http:\/\/bjork.fr\/her-Icelandic-roots'\u003Eher Icelandic roots\u003C\/a\u003E\u003C\/h4\u003E\u003Cblockquote class='spip'\u003E\n\u003Cp\u003EBecause I didn\u2019t move away until I was 27, I\u2019m just completely made out of this place. But as a \n\u003Cbr class='autobr' \/\u003E\nteen-ager my friends and me were confronted with several riddles to solve, and one of them was that all the bands in Reykjavik were imitating foreign bands. There was some sort of minority complex about being Icelandic. Also, because we were an isolated colony for 600 years, another thing we were [led to believe] was that foreigners are evil and we shouldn\u2019t communicate with them. We have this&nbsp;(\u2026)\u003C\/p\u003E\n\u003C\/blockquote\u003E\n"}

Björk.fr – Site francophone dédié à Björk&nbsp;: musique, clips et actualités
