{"version":"1.0","type":"rich","provider_name":"Bj\u00f6rk.fr \u2013 Site francophone d\u00e9di\u00e9 \u00e0 Bj\u00f6rk&nbsp;: musique, clips et actualit\u00e9s","provider_url":"https:\/\/www.bjork.fr","title":"her first memory","author_name":"","width":"480","height":"315","url":"http:\/\/bjork.fr\/her-first-memory","html":"\u003Ch4 class='title'\u003E\u003Ca href='http:\/\/bjork.fr\/her-first-memory'\u003Eher first memory\u003C\/a\u003E\u003C\/h4\u003E\u003Cblockquote class='spip'\u003E\n\u003Cp\u003EMy first memory is being in a kindergarten and I refused to be one of the kids, I was always helping the ladies out. I remember putting butter and rye bread out for the kids. That\u2019s it really.\u003C\/p\u003E\n\u003C\/blockquote\u003E\n"}

Björk.fr – Site francophone dédié à Björk&nbsp;: musique, clips et actualités
