{"version":"1.0","type":"rich","provider_name":"Bj\u00f6rk.fr \u2013 Site francophone d\u00e9di\u00e9 \u00e0 Bj\u00f6rk&nbsp;: musique, clips et actualit\u00e9s","provider_url":"https:\/\/www.bjork.fr","title":"how photos are an extension of music","author_name":"","width":"480","height":"315","url":"http:\/\/bjork.fr\/how-photos-are-an-extension-of","html":"\u003Ch4 class='title'\u003E\u003Ca href='http:\/\/bjork.fr\/how-photos-are-an-extension-of'\u003Ehow photos are an extension of music\u003C\/a\u003E\u003C\/h4\u003E\u003Cblockquote class='spip'\u003E\n\u003Cp\u003EAt the moment I have this new album inside me, which is somehow more vulnerable then the others that came before it. Vespertine is a lot more emotionally brave and fragile, and I want to make sure that the pictures are like that too. \n\u003Cbr class='autobr' \/\u003E\nThe reason I do photographs is to help people understand my music, so it\u2019s very important that I am the same, emotionally, in the photographs as in the music. \n\u003Cbr class='autobr' \/\u003E\nMost people\u2019s eyes are much better developed than their ears. If they see a certain emotion in the&nbsp;(\u2026)\u003C\/p\u003E\n\u003C\/blockquote\u003E\n"}

Björk.fr – Site francophone dédié à Björk&nbsp;: musique, clips et actualités
