{"version":"1.0","type":"rich","provider_name":"Bj\u00f6rk.fr \u2013 Site francophone d\u00e9di\u00e9 \u00e0 Bj\u00f6rk&nbsp;: musique, clips et actualit\u00e9s","provider_url":"https:\/\/www.bjork.fr","title":"immigrants","author_name":"","width":"480","height":"315","url":"http:\/\/bjork.fr\/immigrants","html":"\u003Ch4 class='title'\u003E\u003Ca href='http:\/\/bjork.fr\/immigrants'\u003Eimmigrants\u003C\/a\u003E\u003C\/h4\u003E\u003Cblockquote class='spip'\u003E\n\u003Cp\u003EI think I used to go here to sympathise with the immigrants,\"  she laughs.  \"It almost makes it comical how you don\u2019t fit in, if you don\u2019t fit in. You see these gorgeous Indian women wearing trainers and track-suits over their saris and the men are all in the pub. I completely felt like I didn\u2019t fit in the first two years. I think what changed was I got the sense of humour ...\u003C\/p\u003E\n\u003C\/blockquote\u003E\n"}

Björk.fr – Site francophone dédié à Björk&nbsp;: musique, clips et actualités
