{"version":"1.0","type":"rich","provider_name":"Bj\u00f6rk.fr \u2013 Site francophone d\u00e9di\u00e9 \u00e0 Bj\u00f6rk&nbsp;: musique, clips et actualit\u00e9s","provider_url":"https:\/\/www.bjork.fr","title":"independence","author_name":"","width":"480","height":"315","url":"http:\/\/bjork.fr\/independence,3610","html":"\u003Ch4 class='title'\u003E\u003Ca href='http:\/\/bjork.fr\/independence,3610'\u003Eindependence\u003C\/a\u003E\u003C\/h4\u003E\u003Cblockquote class='spip'\u003E\n\u003Cp\u003EWhen punk arrived in Iceland, we weren\u2019t fighting against Margaret Thatcher&nbsp;; for us it was more like declaring independence from the Danish. We were singing songs in Icelandic and being very punk, patriotic, and Viking. \n\u003Cbr class='autobr' \/\u003E\nMy mother and father were born in the year of independence [1944] so it took that generation to get their heads around the fact they were actually their own person. So it was the role of my generation that really broke off.\u003C\/p\u003E\n\u003C\/blockquote\u003E\n"}

Björk.fr – Site francophone dédié à Björk&nbsp;: musique, clips et actualités
