{"version":"1.0","type":"rich","provider_name":"Bj\u00f6rk.fr \u2013 Site francophone d\u00e9di\u00e9 \u00e0 Bj\u00f6rk&nbsp;: musique, clips et actualit\u00e9s","provider_url":"https:\/\/www.bjork.fr","title":"intro.de ","author_name":"sofftchevaliers","width":"480","height":"315","url":"http:\/\/bjork.fr\/intro-de-2008","html":"\u003Ch4 class='title'\u003E\u003Ca href='http:\/\/bjork.fr\/intro-de-2008'\u003Eintro.de \u003C\/a\u003E\u003C\/h4\u003E\u003Cblockquote class='spip'\u003E\n\u003Cp\u003EINTRO-writer Dirk M\u00f6nkem\u00f6ller talked with the Icelandic Pop-Avangardist about China, Hooliganism and a future collaboration with Sigur R\u00f3s ... In July Bj\u00f6rk plays her only German festival performance at Melt&nbsp;! \n\u003Cbr class='autobr' \/\u003E\n Will you perform at this year\u2019s openingscelebration of the Olympics in China&nbsp;? \n\u003Cbr class='autobr' \/\u003E\nThey actually did ask me again, if i wanted to do it, but it didn\u2019t feel right. I think singing at the Olympics is a very meaningful thing, anything that tops that is too much. \n\u003Cbr class='autobr' \/\u003E\nWith what kind of band&nbsp;(\u2026)\u003C\/p\u003E\n\u003C\/blockquote\u003E\n"}

Björk.fr – Site francophone dédié à Björk&nbsp;: musique, clips et actualités

<h4 class='title'><a href='http://bjork.fr/intro-de-2008'>intro.de </a></h4><blockquote class='spip'>
<p>INTRO-writer Dirk Mönkemöller talked with the Icelandic Pop-Avangardist about China, Hooliganism and a future collaboration with Sigur Rós ... In July Björk plays her only German festival performance at Melt&nbsp;! 
<br class='autobr' />
 Will you perform at this year’s openingscelebration of the Olympics in China&nbsp;? 
<br class='autobr' />
They actually did ask me again, if i wanted to do it, but it didn’t feel right. I think singing at the Olympics is a very meaningful thing, anything that tops that is too much. 
<br class='autobr' />
With what kind of band&nbsp;(…)</p>
</blockquote>
