{"version":"1.0","type":"rich","provider_name":"Bj\u00f6rk.fr \u2013 Site francophone d\u00e9di\u00e9 \u00e0 Bj\u00f6rk&nbsp;: musique, clips et actualit\u00e9s","provider_url":"https:\/\/www.bjork.fr","title":"losing her voice","author_name":"","width":"480","height":"315","url":"http:\/\/bjork.fr\/losing-her-voice","html":"\u003Ch4 class='title'\u003E\u003Ca href='http:\/\/bjork.fr\/losing-her-voice'\u003Elosing her voice\u003C\/a\u003E\u003C\/h4\u003E\u003Cblockquote class='spip'\u003E\n\u003Cp\u003EHow did you feel when you were losing your voice&nbsp;? \n\u003Cbr class='autobr' \/\u003E\nI was basically faced with, \u2019If I can\u2019t sing, it\u2019s not only me and my life, but a lot of people rely on that\u2019, you know&nbsp;? It was kind of strange to be confronted with it. \n\u003Cbr class='autobr' \/\u003E\nBut I heard that you had nodules (whatever they might be) on your throat.\n\u003Cbr class='autobr' \/\u003E\nI got nodules, but basically it is physical exhaustion. It\u2019s so clever the way the body functions&nbsp;; it makes you crash and makes you rethink everything. \n\u003Cbr class='autobr' \/\u003E\nHow long did you crash for&nbsp;? \n\u003Cbr class='autobr' \/\u003E\nI&nbsp;(\u2026)\u003C\/p\u003E\n\u003C\/blockquote\u003E\n"}

Björk.fr – Site francophone dédié à Björk&nbsp;: musique, clips et actualités
