{"version":"1.0","type":"rich","provider_name":"Bj\u00f6rk.fr \u2013 Site francophone d\u00e9di\u00e9 \u00e0 Bj\u00f6rk&nbsp;: musique, clips et actualit\u00e9s","provider_url":"https:\/\/www.bjork.fr","title":"not wanting to watch Dancer in the Dark","author_name":"","width":"480","height":"315","url":"http:\/\/bjork.fr\/not-wanting-to-watch-Dancer-in-the","html":"\u003Ch4 class='title'\u003E\u003Ca href='http:\/\/bjork.fr\/not-wanting-to-watch-Dancer-in-the'\u003Enot wanting to watch Dancer in the Dark\u003C\/a\u003E\u003C\/h4\u003E\u003Cblockquote class='spip'\u003E\n\u003Cp\u003EI couldn\u2019t bare to see myself in the movie, but I told them I didn\u2019t care how I looked. Selma would not have worn any make-up at all. I have no visual vanity, really, about myself. If I should care how I looked then I would be running screaming from the theater when I saw how I came across.\u003C\/p\u003E\n\u003C\/blockquote\u003E\n"}

Björk.fr – Site francophone dédié à Björk&nbsp;: musique, clips et actualités
