{"version":"1.0","type":"rich","provider_name":"Bj\u00f6rk.fr \u2013 Site francophone d\u00e9di\u00e9 \u00e0 Bj\u00f6rk&nbsp;: musique, clips et actualit\u00e9s","provider_url":"https:\/\/www.bjork.fr","title":"representing her generation","author_name":"","width":"480","height":"315","url":"http:\/\/bjork.fr\/representing-her-generation","html":"\u003Ch4 class='title'\u003E\u003Ca href='http:\/\/bjork.fr\/representing-her-generation'\u003Erepresenting her generation\u003C\/a\u003E\u003C\/h4\u003E\u003Cblockquote class='spip'\u003E\n\u003Cp\u003EWell, I\u2019m definitely one of them, that\u2019s for sure. But I look on myself as one of those people rather than as a representative. And to me the future will be about being able to do all things at once, You can be, like, a really good businessman and also be a mother and also be really into health food, and you can do basketball - just pick up the best things.\u003C\/p\u003E\n\u003C\/blockquote\u003E\n"}

Björk.fr – Site francophone dédié à Björk&nbsp;: musique, clips et actualités
