{"version":"1.0","type":"rich","provider_name":"Bj\u00f6rk.fr \u2013 Site francophone d\u00e9di\u00e9 \u00e0 Bj\u00f6rk&nbsp;: musique, clips et actualit\u00e9s","provider_url":"https:\/\/www.bjork.fr","title":"the Family Tree","author_name":"","width":"480","height":"315","url":"http:\/\/bjork.fr\/the-Family-Tree,2760","html":"\u003Ch4 class='title'\u003E\u003Ca href='http:\/\/bjork.fr\/the-Family-Tree,2760'\u003Ethe Family Tree\u003C\/a\u003E\u003C\/h4\u003E\u003Cblockquote class='spip'\u003E\n\u003Cp\u003EWhat amazed me most was all the hard work and memories. It was a new experience for me to listen to much of this music. The tracks are from my entire career, not just my colo career. \n\u003Cbr class='autobr' \/\u003E\nIn one sense, it was very weird to rediscover this music. At the same time, it was something I needed to do. It shows how I got from there to here, it shows my learning curves, it shows how I\u2019ve developed as a musician. \n\u003Cbr class='autobr' \/\u003E\nI spent six months digging through my archives. While it didn\u2019t feel like hard work at&nbsp;(\u2026)\u003C\/p\u003E\n\u003C\/blockquote\u003E\n"}

Björk.fr – Site francophone dédié à Björk&nbsp;: musique, clips et actualités
