{"version":"1.0","type":"rich","provider_name":"Bj\u00f6rk.fr \u2013 Site francophone d\u00e9di\u00e9 \u00e0 Bj\u00f6rk&nbsp;: musique, clips et actualit\u00e9s","provider_url":"https:\/\/www.bjork.fr","title":"the bomb incident","author_name":"","width":"480","height":"315","url":"http:\/\/bjork.fr\/the-bomb-incident","html":"\u003Ch4 class='title'\u003E\u003Ca href='http:\/\/bjork.fr\/the-bomb-incident'\u003Ethe bomb incident\u003C\/a\u003E\u003C\/h4\u003E\u003Cblockquote class='spip'\u003E\n\u003Cp\u003EIt happened right before I started the record and - apart from the drama around it - it felt like it was symbolic for what was happening in my own life, professionally as well as emotionally. I was obsessed as well. By something completely different, mind you, especially by new and exciting challenges, but still. I suddenly realized how something like that could escalate. So, yeah, I\u2019ve learned a great deal from that incident. It was as if, all of a sudden, I was back into reality and,&nbsp;(\u2026)\u003C\/p\u003E\n\u003C\/blockquote\u003E\n"}

Björk.fr – Site francophone dédié à Björk&nbsp;: musique, clips et actualités
