{"version":"1.0","type":"rich","provider_name":"Bj\u00f6rk.fr \u2013 Site francophone d\u00e9di\u00e9 \u00e0 Bj\u00f6rk&nbsp;: musique, clips et actualit\u00e9s","provider_url":"https:\/\/www.bjork.fr","title":"the swan dress","author_name":"","width":"480","height":"315","url":"http:\/\/bjork.fr\/the-swan-dress,3414","html":"\u003Ch4 class='title'\u003E\u003Ca href='http:\/\/bjork.fr\/the-swan-dress,3414'\u003Ethe swan dress\u003C\/a\u003E\u003C\/h4\u003E\u003Cblockquote class='spip'\u003E\n\u003Cp\u003EPeople didn\u2019t find it very funny. They wrote about it like I was trying to wear a black Armani and got it wrong, like I was trying to fit in. Of course I wasn\u2019t trying to fit in&nbsp;!\u003C\/p\u003E\n\u003C\/blockquote\u003E\n"}

Björk.fr – Site francophone dédié à Björk&nbsp;: musique, clips et actualités
