{"version":"1.0","type":"rich","provider_name":"Bj\u00f6rk.fr \u2013 Site francophone d\u00e9di\u00e9 \u00e0 Bj\u00f6rk&nbsp;: musique, clips et actualit\u00e9s","provider_url":"https:\/\/www.bjork.fr","title":"the tour","author_name":"","width":"480","height":"315","url":"http:\/\/bjork.fr\/the-tour,2963","html":"\u003Ch4 class='title'\u003E\u003Ca href='http:\/\/bjork.fr\/the-tour,2963'\u003Ethe tour\u003C\/a\u003E\u003C\/h4\u003E\u003Cblockquote class='spip'\u003E\n\u003Cp\u003EIt\u2019s all about the acoustics. I want to use the choir, the orchestra, and I don\u2019t want to have to use microphones. I\u2019m trying to recreate the sound we made on the album, and performing in the normal \u2019rock\u2019 venues wouldn\u2019t give us that freedom. It\u2019ll be a challenge, but one I\u2019m really looking forward to. The fact that we\u2019re in a very different setting is something that I think will add to the music.\u003C\/p\u003E\n\u003C\/blockquote\u003E\n"}

Björk.fr – Site francophone dédié à Björk&nbsp;: musique, clips et actualités
