{"version":"1.0","type":"rich","provider_name":"Bj\u00f6rk.fr \u2013 Site francophone d\u00e9di\u00e9 \u00e0 Bj\u00f6rk&nbsp;: musique, clips et actualit\u00e9s","provider_url":"https:\/\/www.bjork.fr","title":"the video for Declare Independence","author_name":"","width":"480","height":"315","url":"http:\/\/bjork.fr\/the-video-for-Declare-Independence","html":"\u003Ch4 class='title'\u003E\u003Ca href='http:\/\/bjork.fr\/the-video-for-Declare-Independence'\u003Ethe video for Declare Independence\u003C\/a\u003E\u003C\/h4\u003E\u003Cblockquote class='spip'\u003E\n\u003Cp\u003EThe military thing was Michel\u2019s idea. I was quite intrigued by using the costumes that we had been using live&nbsp;; they\u2019re very colorful, very happy. But for him, because of the whole thing with the string being the only part that\u2019s in color, the costumes couldn\u2019t scream for attention. So the military thing was something that we thought might help [the performers] blend into the background. \n\u003Cbr class='autobr' \/\u003E\n  Like camouflage. \n\u003Cbr class='autobr' \/\u003E\nYeah, that was kind of the idea. When I spoke to Michel, it was important to me&nbsp;(\u2026)\u003C\/p\u003E\n\u003C\/blockquote\u003E\n"}

Björk.fr – Site francophone dédié à Björk&nbsp;: musique, clips et actualités
