{"version":"1.0","type":"rich","provider_name":"Bj\u00f6rk.fr \u2013 Site francophone d\u00e9di\u00e9 \u00e0 Bj\u00f6rk&nbsp;: musique, clips et actualit\u00e9s","provider_url":"https:\/\/www.bjork.fr","title":"trees","author_name":"","width":"480","height":"315","url":"http:\/\/bjork.fr\/trees","html":"\u003Ch4 class='title'\u003E\u003Ca href='http:\/\/bjork.fr\/trees'\u003Etrees\u003C\/a\u003E\u003C\/h4\u003E\u003Cblockquote class='spip'\u003E\n\u003Cp\u003EAs someone who\u2019s known for her affinity for nature, it\u2019s interesting that you didn\u2019t see a tree until the age of nine. Do you remember the first time you saw one&nbsp;?  \n\u003Cbr class='autobr' \/\u003E\nThere are trees in Iceland, but they\u2019re just very small. I saw a tree before, but I didn\u2019t see, like, a forest, you know. \n\u003Cbr class='autobr' \/\u003E\n Where were you when you saw a forest for the first time, and what did you think&nbsp;?  \n\u003Cbr class='autobr' \/\u003E\nI thought it was quite magical. I was on a train with my grandfather. We were on a nine-hour train journey in Norway,&nbsp;(\u2026)\u003C\/p\u003E\n\u003C\/blockquote\u003E\n"}

Björk.fr – Site francophone dédié à Björk&nbsp;: musique, clips et actualités
